r?
True
Is 31192085363 prime?
False
Is 216854191 prime?
False
Is 423250123 a prime number?
True
Is 2279179277 composite?
False
Is 93746593 a prime number?
True
Is 619218641 prime?
True
Is 6144138211 prime?
True
Is 431144863 prime?
True
Is 142896082717 prime?
True
Is 64489472213 a composite number?
False
Is 88679594 a prime number?
False
Is 43833502771 composite?
True
Is 71854351267 prime?
False
Is 6077977 a composite number?
True
Is 96859167823 prime?
False
Is 1183748266 a prime number?
False
Is 43570571435 composite?
True
Is 64887437842 a prime number?
False
Is 835308813 a prime number?
False
Is 7681890233 composite?
False
Is 1693270721 a prime number?
True
Is 703281441 composite?
True
Is 7135962895 a composite number?
True
Is 1597851923 prime?
False
Is 3410542339 composite?
True
Is 178176911 a prime number?
False
Is 5412908563 a prime number?
True
Is 7327751455 prime?
False
Is 24082528621 a prime number?
True
Is 70258057 a prime number?
True
Is 4189470601 a composite number?
False
Is 9318025667 composite?
False
Is 35582494799 composite?
False
Is 17650914617 a composite number?
True
Is 5390571679 a composite number?
True
Is 585222221 composite?
False
Is 7193741327 a composite number?
False
Is 244101311 a composite number?
False
Is 18392977121 a composite number?
False
Is 12124564247 composite?
True
Is 14248751857 a composite number?
True
Is 327338239 a prime number?
True
Is 30118317689 a composite number?
False
Is 372495982 a composite number?
True
Is 2496458141 a prime number?
False
Is 25249975741 composite?
True
Is 11547313 composite?
False
Is 353521703 a prime number?
False
Is 1104742741 prime?
True
Is 114005882 a prime number?
False
Is 3297797539 a prime number?
False
Is 649331951 a composite number?
False
Is 5735920157 prime?
False
Is 11015833 a prime number?
True
Is 6097823419 prime?
False
Is 20976345779 a composite number?
True
Is 452242337 a prime number?
True
Is 247172993 composite?
False
Is 30118279021 prime?
True
Is 2679470135 a composite number?
True
Is 841657253 a prime number?
True
Is 3617376053 a prime number?
True
Is 2511602017 a composite number?
True
Is 8804806657 composite?
False
Is 21232064417 a composite number?
True
Is 15641236819 prime?
False
Is 402266549 a composite number?
False
Is 1567181485 a prime number?
False
Is 566335981 a composite number?
False
Is 27725576323 a prime number?
False
Is 1585565279 composite?
False
Is 4359754981 composite?
False
Is 44362521707 prime?
False
Is 5408334983 prime?
False
Is 1182901702 composite?
True
Is 2899350381 a composite number?
True
Is 406003387 composite?
True
Is 4682653 prime?
False
Is 9250380487 composite?
True
Is 214857233 a composite number?
True
Is 4759335131 prime?
True
Is 37957926101 prime?
True
Is 42324469661 a composite number?
True
Is 50849929303 a prime number?
True
Is 46846274095 prime?
False
Is 3611289881 a composite number?
True
Is 2882034611 composite?
False
Is 64273323273 composite?
True
Is 5676891887 a prime number?
True
Is 1325943341 prime?
True
Is 2049780911 prime?
True
Is 20306878051 a composite number?
False
Is 99049342549 composite?
False
Is 1022051119 composite?
True
Is 286154641 a composite number?
True
Is 413665619 a composite number?
True
Is 40992769687 a prime number?
False
Is 23192496697 prime?
False
Is 1784587303 a composite number?
True
Is 1496678369 prime?
True
Is 410265223 composite?
False
Is 1335981719 a composite number?
True
Is 209044889 composite?
False
Is 195336971 prime?
True
Is 797261879 a composite number?
False
Is 2220131282 composite?
True
Is 27958372181 a prime number?
True
Is 420132109 a prime number?
False
Is 1685774197 a prime number?
False
Is 742201247 a composite number?
False
Is 140534249629 prime?
True
Is 4782858109 composite?
False
Is 7704283031 a composite number?
True
Is 462623003 a composite number?
False
Is 16058303191 a prime number?
False
Is 41640103 a composite number?
False
Is 173531671 composite?
False
Is 769689491 composite?
False
Is 2117423671 a prime number?
False
Is 847840109 prime?
True
Is 763952159 a composite number?
True
Is 10427358419 composite?
False
Is 638106151 prime?
True
Is 8992492195 composite?
True
Is 492778112029 a composite number?
True
Is 154840129 a prime number?
False
Is 10474675693 a prime number?
True
Is 73556019697 composite?
False
Is 39221240293 a composite number?
False
Is 2271150653 a prime number?
True
Is 349649617 a composite number?
True
Is 34305347699 a prime number?
False
Is 49756403033 a prime number?
False
Is 5787467149 prime?
True
Is 5576949041 a prime number?
True
Is 3852590843 composite?
True
Is 161589797 a prime number?
True
Is 51040245079 composite?
True
Is 164494449941 a prime number?
True
Is 3652021403 composite?
False
Is 356856089 composite?
True
Is 18456340667 prime?
False
Is 239450811 prime?
False
Is 369176765 a prime number?
False
Is 85508627 a prime number?
True
Is 302509349 prime?
False
Is 4018606573 a prime number?
False
Is 192135877109 a composite number?
True
Is 21336382198 a prime number?
False
Is 89183712173 a composite number?
False
Is 27448387039 prime?
True
Is 22984203763 prime?
True
Is 54207071 prime?
False
Is 5784775991 prime?
True
Is 1184660291 a prime number?
True
Is 1672570747 a prime number?
False
Is 3468588967 prime?
False
Is 60155569 composite?
True
Is 15647226767 composite?
True
Is 3499345631 a prime number?
False
Is 2484325153 a prime number?
False
Is 6541675117 prime?
True
Is 1594841987 prime?
False
Is 58578056287 prime?
True
Is 5090934179 prime?
False
Is 1870389449 a prime number?
True
Is 46445405957 composite?
True
Is 113113751 composite?
False
Is 9705358853 composite?
True
Is 5286223343 a prime number?
True
Is 12706154809 composite?
True
Is 2176751957 a prime number?
False
Is 145342409087 prime?
False
Is 4723121219 composite?
True
Is 4215878123 a composite number?
False
Is 61652862059 a prime number?
True
Is 29360827523 prime?
False
Is 2852489 prime?
False
Is 17734411567 prime?
False
Is 4874173441 prime?
True
Is 198398521927 a composite number?
False
Is 5932585237 composite?
False
Is 9084879071 a prime number?
True
Is 46423809221 prime?
False
Is 129816692539 prime?
False
Is 1121094301 prime?
True
Is 44598929 prime?
False
Is 2396703973 prime?
True
Is 527951755 a prime number?
False
Is 27453352397 composite?
False
Is 1464236533 composite?
False
Is 237868450459 a composite number?
False
Is 674167607 composite?
True
Is 935308729 prime?
False
Is 3167877967 prime?
False
Is 99306042331 a prime number?
True
Is 1038607721 prime?
False
Is 484391543 a composite number?
False
Is 547273459 prime?
True
Is 2830301647 a composite number?
True
Is 205597393 composite?
False
Is 855873331 a composite number?
True
Is 11147250154 a prime number?
False
Is 20306209247 a composite number?
True
Is 497304263 prime?
False
Is 149565211 a prime number?
False
Is 56766863269 a prime number?
False
Is 12224794733 composite?
False
Is 11525398473 composite?
True
Is 144068360141 composite?
False
Is 17182376173 composite?
False
Is 2411890051 composite?
False
Is 7328372351 a composite number?
False
Is 13210457999 a composite number?
False
Is 4062387427 prime?
False
Is 3815097629 a prime number?
False
Is 22168657123 prime?
True
Is 705439499 a prime number?
False
Is 1041689629 prime?
False
Is 12296940401 a prime number?
True
Is 1331136641 composite?
True
Is 162269864951 composite?
True
Is 478454021 prime?
True
Is 26525482735 a prime number?
False
Is 10203055367 a composite number?
False
Is 2063645411 a prime number?
True
Is 391215661 a composite number?
False
Is 78384461215 a prime number?
False
Is 308501483 prime?
True
Is 14165524031 prime?
True
Is 94111733 prime?
False
Is 2612580601 prime?
False
Is 262832347 a composite number?
True
Is 17215411562 a composite number?
True
Is 4440821159 a prime number?
True
Is 3275189833 a composite number?
False
Is 55467256427 a composite number?
True
Is 201061238999 prime?
False
Is 49342454981 a prime number?
False
Is 10370153783 a prime number?
False
Is 1891314031 a prime number?
False
Is 110488183917 prime?
False
Is 26404598669 a composite number?
False
Is 79440041933 prime?
False
Is 7712698517 prime?
True
Is 10838229791 a composite number?
False
Is 6026366767 a composite number?
False
Is 5783420227 composite?
True
Is 1855097533 composite?
False
Is 